ctors of o.
2, 5, 11
Let w(q) = -4*q**3 - 2*q**2 + 20*q + 45. List the prime factors of w(-5).
5, 79
Let c be (-15)/(-20) + (-723)/(-12). Let j = -33 + c. What are the prime factors of j?
2, 7
Let n(y) = -y + 18. Let x be n(14). List the prime factors of ((-122)/x)/(2/(-4)).
61
Let p(o) = -o**3 + 6*o**2 - o. Let g be p(5). List the prime factors of ((-12)/g)/((-5)/575).
3, 23
Let p(g) = -15*g - 99. Let h(f) = 4*f + 25. Let d(n) = 9*h(n) + 2*p(n). What are the prime factors of d(9)?
3
Let i(q) = -37*q + 28. List the prime factors of i(-6).
2, 5
Let q(m) = 3*m - 10. Let j be q(5). Let x(d) = 4*d**2 - 7*d + 2. What are the prime factors of x(j)?
67
Let r be (-5 - -4)/((-3)/(-9)). Let i be ((-1)/r)/(3/(-9)). List the prime factors of 0 - -1 - 59/i.
2, 3, 5
Let s be ((-10)/15)/((-2)/21). Let x(o) = -10*o + 23. Let c be x(s). Let w = c - -110. List the prime factors of w.
3, 7
Let u(i) = -i**2 + 6*i + 12. Let v be u(6). List the prime factors of (v/10)/((-4)/(-240)).
2, 3
Let x be 0/(2 + 1 - 5). Suppose 131 - 436 = -2*n - s, -4*n - s + 613 = x. Suppose 44 = -5*a + n. List the prime factors of a.
2, 11
Suppose -10*c + 5*c = 0, 3*c = 3*y - 5496. What are the prime factors of y?
2, 229
Let f(v) = -53*v. Let g be f(-1). Suppose 11 = -3*t + g. List the prime factors of t.
2, 7
Let i = 24 - 26. Let a be (0 - 1)/(i/188). Suppose a = o + o. What are the prime factors of o?
47
Suppose -z + 6*z + j = 16, 4*z = 2*j + 24. Let n = z - 1. What are the prime factors of 2 + 26 + (n - 4)?
3
Let b(n) = 131*n**3 + 12*n**2 - 34*n + 18. List the prime factors of b(3).
3, 1187
Let f = -55 - -85. Suppose f*j - 33*j = -6. Suppose -j*z + 7*z = 405. What are the prime factors of z?
3
Let r(j) = j - 5. Let f be r(5). Suppose f = -6*q + q + 460. What are the prime factors of q?
2, 23
Let l(w) = 498*w. Let x be l(1). Suppose 13*s - 10*s - x = 0. List the prime factors of s.
2, 83
Suppose -778 = -2*f - 19*w + 23*w, f = -w + 374. List the prime factors of f.
379
What are the prime factors of ((-120)/14*-1)/((-18)/(-168))?
2, 5
Let o(f) = 1155*f + 114. List the prime factors of o(4).
2, 3, 263
Let m = 642 + -407. What are the prime factors of m?
5, 47
Suppose -4*w - 33 = -5*p - 251, 4*p - w + 170 = 0. Let h = 78 + p. Let k = 105 - h. What are the prime factors of k?
3, 23
Suppose 44 - 14 = 3*n. Suppose 13*r = n*r + 18. What are the prime factors of r?
2, 3
List the prime factors of ((-3)/(-1) - 4) + 1507 + -22.
2, 7, 53
Let c(r) be the second derivative of r**4/12 + r**3 + 3*r**2/2 + 4*r. What are the prime factors of c(-9)?
2, 3, 5
Let h be (36/4)/((-3)/(-6)). Suppose 35 = 4*o + 5*q, -3*o + q + 32 + h = 0. What are the prime factors of o?
3, 5
Let a(u) = u**3 - 15*u**2 + 29*u + 25. List the prime factors of a(14).
5, 47
Let p = 100 + -182. Let v be 14/21 - p/3. Suppose -26 = -3*r + v. What are the prime factors of r?
2, 3
Let i = 12 - 13. Let p(q) = 83*q**2 + q + 2. Let t be p(i). Suppose -t = 5*a - 304. List the prime factors of a.
2, 11
Suppose -5*y - 4*j = -2289, -y - 4*y - 2*j = -2297. List the prime factors of y.
461
Suppose -4*i - 38 = 146. Let b = i + 113. Let q = -28 + b. List the prime factors of q.
3, 13
Suppose -2*x + 3*z = 7*z, -12 = -5*x - 4*z. Suppose 4*a + 21 = x*g - 267, -10 = -5*a. What are the prime factors of g?
2, 37
Suppose 28*h = 30*h - 124. What are the prime factors of -4 - h*(-3)/6?
3
Let n(x) = 67*x**2 - 30*x + 236. List the prime factors of n(7).
3, 1103
Let f(h) = h + 10. Let k be f(-10). Let r be (13 - (3 - k))/(-1). What are the prime factors of ((-8)/r)/(7/140)?
2
Let n(x) = x**2 + 7*x - 13. Let i be n(-9). Suppose 0 = i*b - 821 + 246. Suppose 0*f + 5 = -f, f + b = 2*h. What are the prime factors of h?
5, 11
Suppose 19*a - 35*a = -33568. List the prime factors of a.
2, 1049
What are the prime factors of -4 + 6139 + -5*(4 + -5)?
2, 5, 307
Suppose -v - 118 = 74. Let f = -108 - v. What are the prime factors of f?
2, 3, 7
Let d = 365 - -1512. List the prime factors of d.
1877
Let q = -375 + 556. Let k = -97 + q. List the prime factors of k.
2, 3, 7
Let j be 4/22 - (-126)/33. Suppose -62 = -d + j*c, 2*d - 3*c - 77 = 32. Let k = d - 19. What are the prime factors of k?
31
Let l = 124 - 110. Suppose -13*m - 280 = -l*m. List the prime factors of m.
2, 5, 7
Let i be 18*140/8*1/5. Suppose 2*r - i - 15 = 0. What are the prime factors of r?
3, 13
Suppose 0 = 5*c - 3*i - 1625, -3*c + 639 + 336 = -5*i. List the prime factors of c.
5, 13
Let q(l) = -2*l**3 + 27*l**2 - 3*l - 17. What are the prime factors of q(6)?
5, 101
List the prime factors of 403/(-26)*(-7)/(7/38).
19, 31
Let k = 22 + -19. Suppose 2*n - 4*z - 16 = 0, z = 2*z + k. Suppose -l - 3 = -n*a + a, -a = l - 5. What are the prime factors of a?
2
Suppose 0 = -p - 4*g + 4879, p - 3*g - 4889 = -2*g. List the prime factors of p.
3, 181
Suppose 22*l - 13920 = 6*l. List the prime factors of l.
2, 3, 5, 29
Let u(h) = h**3 - 2*h**2 - 5*h + 2. Let f be u(3). Let g be (17 - 2) + (-8)/f. List the prime factors of g/(1 + 2 - 2).
17
Suppose -6*x - 260 = -b - 2*x, -2*b - 5*x = -507. Suppose -920 = -8*o + b. What are the prime factors of o?
3, 7
Suppose 2*d = 3*l + 26, -2*d + 5*d + 6 = 0. Let r(s) = -10*s + 5. List the prime factors of r(l).
3, 5, 7
Suppose 3*q - 2*y = 3*y + 12, y - 12 = -3*q. Let j(k) = 4 - 4*k - 7 + 0*k + 0*k + q*k**2. What are the prime factors of j(-2)?
3, 7
Suppose -g = -5*v + 394, 5*v - 19 = 1. Let i = -143 - g. What are the prime factors of i?
3, 7, 11
Suppose 1 = -4*r + 17. Suppose -r*n = d - 363, 2*n - d - 186 = -3*d. What are the prime factors of n?
2, 3, 5
Suppose -3*g + 36 = 12. Suppose -g = l - 28. List the prime factors of 1*l/25*60.
2, 3
Suppose -1 + 11 = -b. Let v be b/3 - 14/21. What are the prime factors of (-1 - (-2)/v)*-32?
2, 3
Let n = 33 - 28. Suppose -72 + 222 = n*r. List the prime factors of r.
2, 3, 5
Let s = -15 - -14. Let i be (-5*3 - 2)*s. Suppose 0 = 4*q - 177 + i. List the prime factors of q.
2, 5
Let v(k) = 2*k**2 - 2*k - 3. Let j be (-1 - (-1)/(-2))*-2. List the prime factors of v(j).
3
Let q be (-4)/14 + 6/21. Suppose q*z + 5*z = 35. Let c(v) = 2*v - 10. What are the prime factors of c(z)?
2
Let o = -790 + 3469. What are the prime factors of o?
3, 19, 47
Suppose 2*c - 32 = 3*c - 5*q, -3*q + 15 = 0. Let d = -4 - c. Suppose -d*h + 26 = -4*l, 8 = 5*h - 2*l - 12. What are the prime factors of h?
2
Suppose 0 = 103*c - 93*c - 4650. List the prime factors of c.
3, 5, 31
Let z = -16 + 19. Let o = z - 5. What are the prime factors of (o + -6)/((-6)/36)?
2, 3
Let f(z) = -z**2 - 13*z - 20. Let j be f(-5). Let g = j - -10. List the prime factors of g.
2, 3, 5
Let w = -12 - -13. Let c be (2/8)/((-7)/(-28)). What are the prime factors of c + w + -2 - -13?
13
Let w = 69 + -49. List the prime factors of (-12)/w + (-114)/(-15).
7
Let j = -2414 + 4927. List the prime factors of j.
7, 359
Let z(u) = 103*u - 4. What are the prime factors of z(5)?
7, 73
List the prime factors of 21/(-49) - 7080*(-1)/7.
3, 337
Let c(t) = 56*t + 28. Let r = -5 - -8. List the prime factors of c(r).
2, 7
Let c(u) = 41*u + 1. Let z be c(-1). Let w(m) = -2*m**2 - 14*m + 1. Let o be w(-8). What are the prime factors of z/3*18/o?
2
Let o(m) = -m**2 - 9*m + 40. Let q be o(-12). Suppose -q*j - 3 = -419. What are the prime factors of j?
2, 13
What are the prime factors of (-15)/(-18) - 29968/(-96)?
313
Suppose 6*d - 3420 - 1938 = 0. What are the prime factors of d?
19, 47
Suppose -8*r + 9*r - 1995 = -a, 0 = -5*a - 4*r + 9970. List the prime factors of a.
2, 5, 199
Suppose 5*a - 16 = -6. Let x be a + -1 + (-34)/(-2). Let q = -11 + x. What are the prime factors of q?
7
Suppose -11*g + 2025 = -2078. What are the prime factors of g?
373
Let d be (-4 - -3)*0*-1. Suppose -6*z + 2*z + 268 = d. Suppose -z = -3*i + r + 9, -5*i - 2*r = -123. What are the prime factors of i?
5
Let g = -1080 - -1562. List the prime factors of g.
2, 241
Let k be -75*(0 - 1 - (-100)/(-20)). What are the prime factors of (k/(-175))/((-1)/133)?
2, 3, 19
Suppose 3*d + 5*d = 8104. List the prime factors of d.
1013
Let l(c) = 39*c + 47. List the prime factors of l(10).
19, 23
What are the prime factors of 158884/30 + 130/(-975)?
2, 331
What are the prime factors of (-75)/150 + 87/(-4)*-18?
17, 23
Let h(d) = 16*d + 34. Let b(q) = 10*q**3 - 3*q**2 + 